t of -30*(-236)/52 - w/(-13)?
1
Let d be (5096 + -2)*(-60)/45. What is the tens digit of (-20)/(-90) + d/(-54)?
2
Let t = 85708 + -46808. What is the thousands digit of t?
8
Let w be 6/33 + (-31)/(-11). Let u be (w - 1)/((-2)/(-8)). Suppose -u*h = 546 - 1970. What is the units digit of h?
8
What is the tens digit of ((-130594)/(-69))/34*159*1?
5
Let g(w) = -9*w**3 + 4. Suppose 3*o - 117 = 3*x, -2*x + 3*x = 3. Let f = 40 - o. What is the units digit of g(f)?
6
Suppose 2*k - x = 2*x - 554, 0 = k - 4*x + 272. Let z = k + 146. Let t = 207 + z. What is the tens digit of t?
7
Let h(r) = -2*r**3 + 99*r**2 - 171*r + 23. What is the hundreds digit of h(47)?
0
Let k(g) = 3*g**2 + 32*g + 139 - 173*g - 14. What is the hundreds digit of k(56)?
6
Suppose 5*f + 0*m = -m - 15, 5*f - m = -25. Let k(c) = c + 12. Let d be k(-14). What is the tens digit of 3/(-24)*d + (-115)/f?
2
Suppose 3 + 8491 = 2*u + 34. What is the tens digit of u?
3
Let z(c) = -4 + 1 + 6 + 2*c - 7. Let y be 6/(-10)*(-1 - (17 - 3)). What is the units digit of z(y)?
4
Let h(c) = 7*c**2 - 22*c - 19. Let b be h(4). Suppose -b*t = -5, -4*t = a - 2*t - 1610. What is the tens digit of a?
0
What is the tens digit of ((-64056)/48)/((-1)/2) + -3?
6
Suppose 15*t + 17 = 32*t. Let q(n) = 680*n**2 - 16*n + 17. What is the units digit of q(t)?
1
Let i(f) = 99*f - 1242. What is the hundreds digit of i(26)?
3
Let d(s) = -s**3 + 3*s**2 + 3*s + 8. Let t be (-5*48/200)/(3/(-10)). Let n be d(t). Suppose -n*h + 1047 = 211. What is the tens digit of h?
0
Let o(m) = -m - m - 3*m - 3 + 4 + 6*m**2. Let h be o(5). Suppose -3*f + 0*f + h = 0. What is the units digit of f?
2
Suppose 5*w = 3*t + 28, 4*w - 53 = -3*t - 9. Let y(p) = -p**2 + 9*p - 5. Let v be y(w). Suppose -f - 5 = v*i, -60 = -4*f - i + 5*i. What is the tens digit of f?
1
Suppose -306*d + 111*d + 3067740 = 0. What is the units digit of d?
2
Suppose -5*t = 4*u - 32, 4*t + 8 = 4*u + 3*t. Suppose 4*v + 0*v - o = 2545, -u*o - 3176 = -5*v. What is the units digit of v?
7
Suppose 3*z + 1 = -2*h + 6, 0 = -5*z + 15. Let v be (-24)/5*(h - 7/(-1)). What is the units digit of 5/30 + 2*(-550)/v?
6
Suppose 523 = -3*o + 3*r + 1681, 2*o - 3*r - 777 = 0. Let v = o - 82. What is the hundreds digit of v?
2
Suppose 56*n - 986585 = 656175. What is the ten thousands digit of n?
2
Let z be (10/20)/(1/10). Suppose z*p + 5*p = 210. What is the units digit of 1*p*5/3?
5
Let d(z) = -95*z**2 + 14*z + 9. Let s be d(5). Let c = -1632 - s. What is the units digit of c?
4
Suppose p - 121 = -3*w - w, -2*p = -3*w + 77. Let g = -1681 + 1685. Suppose -g*l = -4*q - 292, -105 = -2*l + 5*q + w. What is the units digit of l?
7
Let r(m) be the second derivative of -3*m**3/2 - 12*m**2 + m. Let q(x) = -2*x**2 - 24*x - 11. Let u be q(-12). What is the tens digit of r(u)?
7
Let y(a) be the second derivative of a**4/2 + a**3/3 + 4*a**2 - 2*a - 308. Let n be 1/(1/(-4)*1). What is the tens digit of y(n)?
9
Suppose 149*p + 62*p - 10138308 = -116*p. What is the ten thousands digit of p?
3
Let s = 29 - -38. Suppose -229 = -4*u + s. Let a = 107 - u. What is the tens digit of a?
3
Let o(m) = -3*m + 32. Let p be o(-8). Suppose 4*g - 2*i - p = 0, 10*g + 3*i - 42 = 7*g. What is the units digit of g?
4
What is the units digit of (-10 + 414/36)*(-201032)/(-12)?
9
Suppose 3*g - 4*n - 3203 = 0, 598 = g - n - 472. What is the hundreds digit of g?
0
What is the thousands digit of (-74572)/(-12) - (-208)/(-156)?
6
Suppose 29*a - 1937 - 2935 = 0. Let o = 1886 - a. What is the hundreds digit of o?
7
Let k be (-11139)/94*80/(-6). Suppose 912 + k = 7*r. What is the tens digit of r?
5
Let q(l) = 2*l - 9. Let y be q(6). Let h(p) = -5*p + 44. Let b be h(9). What is the tens digit of ((y + 0)/b - -2) + 62?
6
Let t be (-14)/(-4)*(-448)/392. Let l = 7 - 5. What is the tens digit of (-642)/t + (-2)/(l + 2)?
6
Let o(q) = 2*q + q**3 + 6*q**2 - 5 + 23 + 2*q**2. Let h be o(-7). Suppose -4*k + 195 = -3*l, 2*k - 2*l - h = 47. What is the tens digit of k?
4
Suppose -g = 3*m - 26, 2*g - 3 = -3*m + 37. Let l(p) = 27*p + 22. What is the hundreds digit of l(g)?
4
Let t be (-4)/4*(2 - 10). Suppose t*z - 23 = 33. What is the units digit of (z - (2 - -1)) + 16?
0
Suppose -4*i - 2*k = 18, -9 + 62 = -4*i + 5*k. Let a(r) = -19*r + 29 - 25 - 10. What is the tens digit of a(i)?
2
Suppose 33*f - 418425 = -171453. What is the tens digit of f?
8
Let v(z) = 149*z**2 - 22*z - 2. Let h be v(5). Let l = h - 2398. Suppose -3*o + l = 6*o. What is the tens digit of o?
3
What is the thousands digit of 27100907/2313 + (-2)/(-9)?
1
Let s(x) = 5021*x - 12137. What is the units digit of s(8)?
1
Let x = 18460 + -7161. What is the hundreds digit of x?
2
Let m(p) = -4*p + 8. Let v(d) = -d**3 + 6*d**2 + 4*d + 1. Let w be v(6). Suppose -3*b - 5 - w = 0. What is the tens digit of m(b)?
4
What is the hundreds digit of (-1610*(-11)/(-88))/((-4)/544)?
3
What is the units digit of (-3)/3 + 7 + 2144?
0
Let v = -40 + 44. Suppose -v*b = -5*u - 135, 0*b - 4*b - u = -141. Let a = -20 + b. What is the units digit of a?
5
Let d(o) = -69*o + 91. What is the tens digit of d(-25)?
1
Let l(u) = -125*u**3 - u**2 + 51*u + 213. What is the tens digit of l(-8)?
4
Let s(h) = 2*h + 6. Let g be s(-2). Suppose 11 = 3*u + g. Suppose -u*w - 2*y + 320 = 2*y, 5*y = -3*w + 322. What is the tens digit of w?
0
Suppose 9*j - 19 = 8. Let i(n) = -4*n**2 + 2*n**2 + 3*n - 51*n**3 + 64*n**j. What is the tens digit of i(2)?
0
What is the hundreds digit of (((-16)/(-3))/(-4))/(4/(-12666))?
2
Let j(g) = 9089*g - 7220. What is the ten thousands digit of j(8)?
6
Let i(g) be the second derivative of g**6/9 + g**5/24 + 5*g**4/3 - 26*g. Let v(o) be the third derivative of i(o). What is the hundreds digit of v(2)?
1
Let o = 804 + -801. What is the hundreds digit of 963 + 24/72 + (-7)/o?
9
Let u(k) = 5*k - 16. Let g = -1 - -9. Suppose -30 = 5*j - g*j. What is the tens digit of u(j)?
3
Suppose 9*y - 5305 = -94. Let z = -399 + y. Suppose 0 = 5*k - 2*x - 190, -x + z = 4*k + 3*x. What is the units digit of k?
0
Suppose 3*d - 5*q = 157, 0*d - 3*d = -3*q - 153. Suppose d = 2*o - 103. What is the units digit of o?
6
Suppose 22*s + 30 = -36. Let g(x) = -27*x - 73. What is the units digit of g(s)?
8
Suppose 24*g - 1335 = 12489. Let u = g - 88. What is the hundreds digit of u?
4
Let w(p) = 4 - 5 + 22*p - 19*p - p**2 + 119*p**3. Let m be w(1). Suppose -124*z + m*z = -580. What is the hundreds digit of z?
1
Let n(i) be the third derivative of 2*i**5/15 + 31*i**4/24 + i**3/3 + i**2 - 9*i. What is the units digit of n(-12)?
2
Let c(j) = j**2 + 14*j + 53. Let r be c(-7). Suppose -3*t + 3*a - 282 = -4*t, 2*t - 558 = -r*a. What is the hundreds digit of t?
2
What is the ten thousands digit of (-369)/9 + 17 + 26369?
2
Suppose -7 = -5*q + 18. Suppose 13 = q*a + 3. What is the tens digit of (a - (-62 + 3)) + -4?
5
Let u(k) = -k**3 - 6*k**2 - 8*k + 2. Let q be u(-4). Suppose 16 = -4*t - 5*c, q*c + c = t - 13. What is the tens digit of ((-133)/28)/(t/(-32))?
5
Suppose -233235 - 4354815 = 487*m - 562*m. What is the hundreds digit of m?
1
Let d(u) = 8*u + 46. Let a be d(-16). Let y be (-46)/2 + (-6)/(-2). Let r = y - a. What is the tens digit of r?
6
Let v = 118 - 114. Suppose 2*p - 45 = 35. What is the tens digit of 1 - p*(v + -6)?
8
Let s(i) = -8*i**2 - 11*i - 10. Let w be s(-1). Let l(m) = 28*m**2 - m - 73. What is the hundreds digit of l(w)?
3
Suppose 5*s - 107*y - 258189 = -108*y, -3*s + 5*y + 154863 = 0. What is the thousands digit of s?
1
Let i = 8836 + 18769. What is the ten thousands digit of i?
2
Let s be (12/(-15))/(-1)*(-35)/(-14). Suppose -5*u = 7*k - 3*k + 1535, s*u = k + 387. Let a = k + 558. What is the hundreds digit of a?
1
Let g(c) = c**3 + 12*c**2 + c + 6. Let s be g(-12). Let m(r) = 3*r**2 + r + 1. Let j be m(s). Let t = j - 15. What is the tens digit of t?
8
Let r(c) = -7*c**2 + 10*c + 48. Let f be r(-5). Let j = f - -512. What is the hundreds digit of j?
3
Suppose 194 = 4*k + f, 5 = 4*f - 3. Suppose k*i + 22 = 49*i. What is the units digit of (-3165)/(-35) + (-2 - i/(-14))?
0
What is the tens digit of 1486199/133 - (1/(-3) + 32/42)?
7
Suppose -15730*v + 15713*v + 342295 = 0. What is the hundreds digit of v?
1
What is the hundreds digit of (-16)/(-64)*28178 + (-3)/(-6)?
0
Let n(c) = c**2 + 4*c - 23. What is th